 of 249 and 39444671?
83
What is the highest common divisor of 112480 and 843?
1
What is the greatest common divisor of 10 and 5113405?
5
What is the highest common factor of 52492 and 240117496?
4772
Calculate the highest common divisor of 28525 and 16220925.
175
Calculate the highest common factor of 1496 and 1430584.
136
Calculate the highest common divisor of 9259607 and 55552.
217
Calculate the highest common divisor of 3504 and 2081856.
48
Calculate the greatest common divisor of 4533 and 13071661.
1511
Calculate the greatest common divisor of 103692048 and 74736.
8304
What is the highest common divisor of 673761 and 143616?
561
What is the greatest common factor of 321186456 and 2952?
2952
What is the greatest common factor of 4 and 22804528?
4
What is the highest common factor of 18 and 174513123?
9
What is the highest common factor of 1862 and 3109122?
38
What is the highest common divisor of 8249165 and 55327?
907
What is the highest common divisor of 291330520 and 240?
40
Calculate the highest common divisor of 1334396 and 588.
28
What is the greatest common factor of 288 and 2627271?
9
Calculate the greatest common divisor of 6 and 2159258.
2
What is the greatest common divisor of 3796 and 14417?
13
What is the greatest common divisor of 29562 and 26988?
78
Calculate the greatest common divisor of 93226 and 10297.
7
What is the greatest common factor of 6642 and 13627662?
246
What is the greatest common factor of 1440 and 2311380?
180
What is the highest common divisor of 218254 and 86478?
4118
What is the highest common factor of 256 and 10384456?
8
What is the greatest common factor of 69853230 and 90?
90
Calculate the greatest common factor of 128 and 33850.
2
What is the greatest common divisor of 17571932 and 56?
28
Calculate the highest common factor of 237722 and 406.
2
Calculate the highest common factor of 1070954 and 2242.
38
Calculate the greatest common factor of 20148 and 5129805.
69
Calculate the greatest common divisor of 4509864 and 1944.
216
Calculate the highest common divisor of 88015 and 4958130.
145
Calculate the greatest common divisor of 263616 and 4272.
48
What is the highest common factor of 2812390 and 280?
70
What is the greatest common factor of 212 and 1327503932?
212
What is the highest common factor of 61777313 and 2769?
923
Calculate the highest common factor of 1968740 and 31864.
2276
What is the greatest common factor of 22 and 1700613398?
22
Calculate the highest common factor of 71461894 and 98.
98
What is the highest common divisor of 100880 and 595360?
80
What is the greatest common factor of 87 and 8573571?
3
What is the highest common divisor of 34357 and 3033521?
2021
What is the highest common divisor of 7128 and 1341351?
99
What is the greatest common divisor of 22729 and 1638392?
119
Calculate the greatest common divisor of 3822 and 142940154.
294
What is the greatest common factor of 629045 and 6305?
485
Calculate the greatest common factor of 25 and 481993.
1
Calculate the highest common factor of 41715 and 32031.
9
What is the highest common divisor of 42 and 2778664?
14
Calculate the greatest common factor of 11160 and 38695626.
558
What is the greatest common factor of 15662878 and 671?
11
What is the highest common divisor of 723756080 and 560?
80
What is the highest common factor of 25875 and 296350?
25
Calculate the highest common divisor of 3851975 and 75.
25
Calculate the greatest common divisor of 13752544 and 1664.
416
What is the highest common factor of 16030753 and 337?
337
What is the greatest common divisor of 31504 and 2092152?
1432
What is the highest common divisor of 1425 and 22961595?
285
What is the greatest common factor of 116111094 and 1?
1
What is the greatest common factor of 1532 and 822581356?
1532
What is the greatest common factor of 1911994 and 21?
7
Calculate the greatest common factor of 276 and 3188835.
69
Calculate the highest common factor of 1090 and 1241930.
10
Calculate the greatest common divisor of 720 and 19069488.
144
Calculate the greatest common divisor of 514409272 and 312.
104
What is the greatest common factor of 55 and 110984500?
55
Calculate the highest common divisor of 2722562 and 1545662.
7846
What is the greatest common divisor of 986539 and 41439?
727
What is the highest common factor of 7002 and 17501110?
778
Calculate the highest common factor of 14577170 and 4209.
1403
Calculate the greatest common divisor of 490 and 3696910.
70
What is the greatest common divisor of 78445700 and 600?
100
Calculate the highest common factor of 2294281 and 8591.
121
What is the highest common factor of 194188 and 55321?
1129
Calculate the highest common divisor of 41035 and 505905.
145
Calculate the greatest common divisor of 76910364 and 648.
108
What is the highest common factor of 158 and 250791583?
79
Calculate the highest common factor of 11198138 and 14.
14
Calculate the greatest common divisor of 4788 and 182884044.
1596
What is the greatest common factor of 94319364 and 2664?
444
What is the greatest common factor of 1604627 and 517?
47
What is the greatest common divisor of 18 and 27415926?
18
Calculate the highest common factor of 27706 and 395682.
14
What is the highest common factor of 5625059 and 1076?
269
Calculate the greatest common divisor of 4221 and 8883.
63
Calculate the highest common divisor of 38981014 and 70.
2
Calculate the highest common divisor of 28672 and 57136.
16
Calculate the highest common factor of 10674 and 265539470.
1186
What is the highest common factor of 121996 and 3556?
28
What is the greatest common divisor of 8166 and 1566736926?
8166
Calculate the greatest common factor of 964620832 and 12264.
4088
What is the highest common factor of 16 and 303156112?
16
What is the greatest common factor of 9990 and 72549?
27
Calculate the highest common factor of 3475836 and 18900.
252
Calculate the highest common divisor of 768 and 646123776.
768
What is the greatest common divisor of 33 and 67347764?
11
Calculate the greatest common factor of 903 and 12259429.
301
Calculate the highest common divisor of 2323082 and 1850.
74
What is the highest common factor of 266 and 39235?
133
Calculate the highest common factor of 12812046 and 390.
78
Calculate the highest common factor of 6306 and 620316.
6
What is the greatest common factor of 269640 and 805?
35
What is the highest common divisor of 270 and 2183895?
135
Calculate the greatest common factor of 21498358 and 98.
98
What is the highest common divisor of 201621470 and 1220?
610
What is the greatest common factor of 140942 and 1349?
19
Calculate the greatest common divisor of 12772074 and 5166.
1722
What is the greatest common factor of 9005649 and 48?
3
Calculate the greatest common factor of 313074 and 14604.
6
Calculate the highest common divisor of 6 and 1033689.
3
Calculate the greatest common factor of 8607 and 1209027.
57
What is the highest common factor of 16929 and 5184264?
57
What is the greatest common divisor of 355952 and 6416?
16
What is the highest common divisor of 53465654 and 22?
22
What is the highest common factor of 139880 and 106665?
65
Calculate the greatest common factor of 459486 and 153924.
762
Calculate the highest common divisor of 7125744 and 2703.
159
Calculate the highest common factor of 32 and 11363024.
16
Calculate the highest common divisor of 495427 and 1143.
127
Calculate the highest common factor of 123688032 and 104.
104
What is the highest common divisor of 137544 and 451707?
1563
Calculate the highest common factor of 8030664 and 20808.
1224
Calculate the highest common divisor of 123408 and 84816.
144
Calculate the greatest common divisor of 60 and 3011430.
30
Calculate the greatest common divisor of 101782 and 326.
2
What is the highest common factor of 12544 and 34951?
7
Calculate the highest common factor of 390 and 5559564.
6
What is the highest common divisor of 813504 and 203072?
1216
What is the greatest common factor of 690 and 7602880?
230
Calculate the greatest common divisor of 210 and 99118635.
105
Calculate the greatest common factor of 2664 and 9774364.
148
What is the greatest common divisor of 18259 and 1324072?
589
Calculate the greatest common factor of 520469756 and 68.
68
Calculate the greatest commo